 tens digit of d(8)?
4
What is the tens digit of 25835/15 + (-14)/(-21)?
2
Let y be 5/(25/2)*-25. Let g = 14 + y. Suppose -4*f = g, 5*p - 4*f - 368 = -139. What is the tens digit of p?
4
Let h(t) = 14*t + 4. Let s be h(-2). Let f(r) = -r**3 - 23*r**2 + 26*r + 55. What is the units digit of f(s)?
7
Let h be 9/3 + 2/(-2). Suppose -r = 2*s + 3*r - 118, -5*r - 163 = -h*s. What is the tens digit of s?
6
Let k(u) = -7*u**2 + 2*u - 1. Let j(d) = 8*d**2 - 3*d + 2. Let g(q) = -4*j(q) - 5*k(q). Suppose 0 = -0*z - 4*z + 16. What is the units digit of g(z)?
3
Let q(i) = -i**3 - 27*i**2 + 13*i - 42. What is the units digit of q(-28)?
8
Let w(z) = z**2 + 12*z - 2. Let o be w(-8). Let i = o - -67. Let r = -14 + i. What is the tens digit of r?
1
Suppose 68*s - 69*s - 2*d + 3473 = 0, 0 = -3*s - 3*d + 10416. What is the units digit of s?
1
Let t(i) = -101*i**3 - 3*i**2 - 4*i + 2. What is the units digit of t(-2)?
6
Let o = -9 + 11. Let m = 17 + o. Suppose 7 = -4*n + m. What is the units digit of n?
3
Let q(i) = -2*i**2 - 16*i - 14. Let u be q(-7). What is the units digit of (u - -72)/(3/(-4 + 7))?
2
Suppose 8*p + 2*p + 1440 = 0. Let t = 253 + p. What is the units digit of t?
9
Let q(l) = 9*l**2 - 14*l + 34. What is the units digit of q(4)?
2
Suppose -2*f - 2 = -3*y - y, -5*y - f = 8. Let q(h) = 61*h**2 + 3*h - h + 2 + 0. What is the units digit of q(y)?
1
Suppose 229*b - 226*b = 1110. What is the hundreds digit of b?
3
Let w(z) = 30*z - 174. What is the tens digit of w(26)?
0
Let q(a) = 2*a**2 - 8*a - 3. Let x be q(6). Suppose -2*g = 4*t - 145 + x, -4*g + 2*t + 208 = 0. What is the units digit of g?
4
Let m(f) be the second derivative of f**3/6 + f**2 - 7*f. Let l be m(1). Suppose l*p + 3*r + 0*r - 42 = 0, 0 = -5*p - 4*r + 75. What is the tens digit of p?
1
Let q be (2 + 3/9)/(5/90). Suppose 10*i - 11*i = -5*w - 36, -i = -2*w - q. What is the tens digit of i?
4
Let o(b) = -8*b + 20. Let s(x) = -3*x + 7. Let m(f) = 5*o(f) - 14*s(f). What is the tens digit of m(7)?
1
Let z(f) = f**2 + 4*f + 4. Suppose 5*h + 5 + 18 = 3*a, -4*a = 16. What is the tens digit of z(h)?
2
Let n be 27/2*8/6. Let x = -52 - -60. Let o = n - x. What is the tens digit of o?
1
Suppose 4*w = -3*h + 18 + 4, 0 = 5*w - 20. Suppose 168 = v - 2*n - h*n, -5*v + 861 = n. What is the units digit of v?
2
Let r be (46/(-3))/((-16)/96). Suppose t = 2, 2*f + 3*t - 58 = r. What is the tens digit of f?
7
Let d(h) = -h**2 + 2*h - 22. Let s be d(0). Let w = s + 56. What is the units digit of w?
4
Let o(c) = c**3 + 6*c**2 + 3*c + 4. Let u be o(-5). Let i be ((-36)/(-21))/(1/u). Suppose -2*r = r - i. What is the units digit of r?
8
Suppose 5*a = 2*v - 0*a - 663, -999 = -3*v + 3*a. Suppose 5*b = 211 + v. What is the hundreds digit of b?
1
Suppose v = 4*l - 43, -2*v + 19 = 2*l - 3*v. What is the tens digit of (2 + 20)/(l/114)?
0
Suppose s + 4 + 12 = 4*v, 0 = 2*s - 2*v + 8. Suppose -d = -2 - s. Suppose d*m = 2*i - 50, 3*i + m - 99 = -4*m. What is the tens digit of i?
2
Suppose -3*v + 2*b + 11 = 0, -2*b - 18 = 2*v + 3*b. Suppose 3*k - 4 = -v. What is the units digit of k?
1
Let d = 4509 + -2298. What is the units digit of d?
1
What is the tens digit of (14/21)/((-6)/(-11007))?
2
Suppose 4*r + p - 1272 = 0, 3*p = -5*r + 2*r + 963. What is the hundreds digit of r?
3
Let h = 4281 - 2700. What is the hundreds digit of h?
5
What is the units digit of (-12336)/(-33) - 28/(-154)?
4
Suppose -10 = -2*p - 3*p. Suppose 0*o + 5*o - 3 = 3*v, o = p*v + 2. What is the units digit of (12/(-14))/(v/7)?
6
Let r = 253 + 323. What is the units digit of r?
6
Let v(u) = 15*u**2 - 9*u - 73. What is the units digit of v(-6)?
1
Let a = 6733 - 2622. What is the tens digit of a?
1
Suppose -3255 = -7*b - 665. What is the units digit of b?
0
Suppose 0 = -4*p - 3*a + 1626, -3*p + 1220 = 8*a - 6*a. What is the tens digit of p?
0
Let p = 131 - -236. What is the tens digit of p?
6
Let p be 10*-12*6/10. Suppose -3*d = -4*q + 442, 5*d + 6 = -4. Let y = q + p. What is the tens digit of y?
3
What is the tens digit of 277*2 - 490/(-70)?
6
Let w be 10*-2*6/(-5). Suppose -z = z + w. Let x = -8 - z. What is the units digit of x?
4
Let o(y) = 2*y**3 - 8*y**2 + 19*y + 3. What is the units digit of o(7)?
0
Let f(v) = -v**3 - 34*v**2 - 54*v - 278. What is the hundreds digit of f(-34)?
5
Suppose 4*n + 2*w + 242 = 0, 0 = 2*n - w + 4*w + 127. Let x = n - -34. Let d = -23 - x. What is the units digit of d?
2
Let q = 1 - -3. Suppose -r = q*o - 4 - 4, -3*o + 29 = -5*r. Suppose -2*u - 116 = -2*j, -5*j + o*u = -j - 234. What is the tens digit of j?
6
Suppose 2*j + 465 = -17. Let v = -35 - j. What is the tens digit of v?
0
Let w = 1323 + -825. What is the tens digit of w?
9
Suppose 0 = -4*y - 3*s - 0*s + 14, -5*y - s + 23 = 0. Let d be (-24)/10*45/(-18). Suppose 3*f + d = 0, h + 74 = 4*h + y*f. What is the units digit of h?
8
Let a = 61 + -321. Let z = a - -378. What is the units digit of z?
8
Let l = -3 + 80. Suppose 2*s - 119 = -0*h + 3*h, -s - 2*h + l = 0. What is the units digit of s?
7
Let l(t) = 4*t**3 + 5*t**2 - t + 5. Let k be l(4). Suppose k = 4*y + w, 2*w - 523 = -5*y - 101. What is the tens digit of y?
8
Suppose -1913 = -f - 3*y, -2*y - 3707 = -4*f + 4001. What is the units digit of f?
5
Let s = 3526 + -2154. What is the hundreds digit of s?
3
Let f = 85 - -51. Suppose -f - 140 = -4*c. Suppose -7*a + c = -4*a. What is the tens digit of a?
2
Suppose m - 76 = -19. Let h be (-2 + 3 - 1)/2. Suppose 3*z - m = -h*z. What is the tens digit of z?
1
Let r(n) = -10*n + 8. Let t be (-8 + (-120)/(-16))/(1/18). What is the units digit of r(t)?
8
Suppose -4*w - 4*q - 4 = 0, 3*w + q = 4 - 1. Suppose 4*v = 2*c - 256, -2*v + w = -4*v. What is the hundreds digit of c?
1
Suppose 8 = -12*j + 56. Suppose -143 = -f + 3*i, 0*i + 581 = j*f - 3*i. What is the tens digit of f?
4
Let m(p) = -1 - 7*p - 3 - 3*p. Let r(o) = 9*o + 221. Let j be r(-25). What is the units digit of m(j)?
6
Suppose -r - 4*q = -226, -2*r - 670 = -5*r - 4*q. What is the tens digit of r?
2
Suppose -2*c - b + 129 = 0, 3*c = b - 4*b + 195. Let d be ((-12)/9)/((-6)/153). Let r = c - d. What is the tens digit of r?
3
What is the tens digit of ((-24696)/(-54))/(3/9)?
7
Suppose 20*d = 19*d - 15. What is the tens digit of -1 + (-1221)/d - 4/10?
8
Let k(p) = -9*p - 16. Let s(g) = g - 17. Let z be s(10). What is the units digit of k(z)?
7
Suppose -100 = 5*f - 3*f. Let k = f + 70. Suppose 13*h + k = 15*h. What is the tens digit of h?
1
Suppose -282 - 2546 = -2*g. What is the units digit of g?
4
Let o = -19 + 22. Let i be (-1)/((-21)/6 + o). Suppose i*z = 4*p - 50, 4*z = -4*p + z + 25. What is the units digit of p?
0
Let r = 167 - 107. Let c be 23/((-49)/(-35) - 6/15). Let z = r - c. What is the units digit of z?
7
Suppose 2*n + 3*i - 77 = 133, 5*i = 5*n - 525. What is the tens digit of n?
0
Suppose 0 = -5*x + 147 - 52. Let d = x - 15. Suppose -a + 2 + 0 = 0, d*c - a = 230. What is the units digit of c?
8
Let q(a) = 194*a**2 - 15*a + 111. What is the hundreds digit of q(5)?
8
Let f(d) = d**2 + d - 6. Let a be f(-5). Suppose 0 = -13*q + a*q + 8. What is the units digit of (9 + q/2)*6?
0
What is the hundreds digit of 6990/33 + (-6)/(-33)?
2
Let k be (12/18)/((-8)/(-36)). Let r(q) = 14*q - 5. What is the units digit of r(k)?
7
Suppose -26 = -2*v - 5*i, 25 = 2*v + v + 4*i. Suppose 2*w - 326 = -5*h - 120, -335 = -v*w - h. What is the units digit of w?
3
Let n(o) = -o**3 - o**2 - o + 27. Let d be n(0). Let u be 6/d + (-2332)/(-36). Suppose 3*x = -2*x + u. What is the units digit of x?
3
Suppose 0 = 3*q + 6 - 30. Suppose -2*x + q = 2. Suppose 3*p - 53 = 5*h, -p + 4*h + 16 = x. What is the tens digit of p?
2
Suppose 5*p - 20 = m + 81, p = 3*m + 9. Let t(g) = 2*g + 6 + g - 25. What is the units digit of t(p)?
4
Suppose 4*z - i + 16 = -6*i, 0 = -z - 3*i - 11. Let y be 0/(1*z/(-1)). Suppose y = -u + 12. What is the units digit of u?
2
Let v = 0 - -4. Suppose v*c - 400 + 52 = 0. What is the tens digit of c?
8
Let i(z) = 2*z**2 + 9*z - 14. Let r = 31 - 26. What is the tens digit of i(r)?
8
What is the hundreds digit of ((-4845)/(-38))/(1/2) - 4?
2
Let v = -71 - -49. Let c = 1 - v. Let n = -10 + c. What is the units digit of n?
3
Suppose -162 + 816 = j. What is the tens digit of j?
5
Let k(f) = -5*f + 1. Let g be k(-1). Suppose -2